4
What is the tens digit of 55100?
0
What is the hundreds digit of 12899?
8
What is the units digit of 164?
4
What is the tens digit of 4237?
3
What is the thousands digit of 82717?
2
What is the units digit of 82695?
5
What is the thousands digit of 1816?
1
What is the ten thousands digit of 71451?
7
What is the tens digit of 673?
7
What is the units digit of 3603?
3
What is the tens digit of 3572?
7
What is the hundreds digit of 769?
7
What is the units digit of 1563?
3
What is the hundreds digit of 139?
1
What is the tens digit of 119?
1
What is the hundreds digit of 62735?
7
What is the units digit of 16469?
9
What is the ten thousands digit of 125334?
2
What is the thousands digit of 5296?
5
What is the tens digit of 1010?
1
What is the units digit of 3007?
7
What is the hundreds digit of 1090?
0
What is the tens digit of 873?
7
What is the tens digit of 9483?
8
What is the thousands digit of 53494?
3
What is the tens digit of 5849?
4
What is the units digit of 3858?
8
What is the units digit of 5398?
8
What is the hundreds digit of 992?
9
What is the units digit of 17615?
5
What is the units digit of 1512?
2
What is the units digit of 2220?
0
What is the tens digit of 2502?
0
What is the tens digit of 1143?
4
What is the tens digit of 670?
7
What is the tens digit of 1370?
7
What is the thousands digit of 66525?
6
What is the hundreds digit of 10996?
9
What is the units digit of 8044?
4
What is the tens digit of 3005?
0
What is the hundreds digit of 1822?
8
What is the units digit of 5873?
3
What is the thousands digit of 20836?
0
What is the tens digit of 30?
3
What is the units digit of 73486?
6
What is the units digit of 1517?
7
What is the thousands digit of 100178?
0
What is the hundreds digit of 560?
5
What is the hundreds digit of 3884?
8
What is the tens digit of 1614?
1
What is the units digit of 1847?
7
What is the tens digit of 58659?
5
What is the tens digit of 16553?
5
What is the ten thousands digit of 17627?
1
What is the tens digit of 21017?
1
What is the thousands digit of 5902?
5
What is the tens digit of 3998?
9
What is the thousands digit of 18303?
8
What is the hundreds digit of 2803?
8
What is the tens digit of 52040?
4
What is the hundreds digit of 10181?
1
What is the tens digit of 928?
2
What is the hundreds digit of 17542?
5
What is the units digit of 549?
9
What is the hundred thousands digit of 103346?
1
What is the ten thousands digit of 85012?
8
What is the tens digit of 16374?
7
What is the units digit of 1784?
4
What is the hundreds digit of 6265?
2
What is the thousands digit of 1135?
1
What is the thousands digit of 4799?
4
What is the thousands digit of 9917?
9
What is the units digit of 18966?
6
What is the thousands digit of 3109?
3
What is the hundreds digit of 5924?
9
What is the units digit of 118894?
4
What is the ten thousands digit of 34426?
3
What is the hundreds digit of 4222?
2
What is the ten thousands digit of 67207?
6
What is the hundreds digit of 61090?
0
What is the units digit of 1434?
4
What is the units digit of 2041?
1
What is the tens digit of 2200?
0
What is the hundreds digit of 5406?
4
What is the units digit of 516?
6
What is the tens digit of 1306?
0
What is the tens digit of 2472?
7
What is the units digit of 319?
9
What is the units digit of 68?
8
What is the tens digit of 37016?
1
What is the units digit of 2320?
0
What is the tens digit of 6717?
1
What is the hundreds digit of 6165?
1
What is the units digit of 58686?
6
What is the hundreds digit of 5585?
5
What is the tens digit of 7058?
5
What is the hundreds digit of 660?
6
What is the hundreds digit of 809?
8
What is the units digit of 1043?
3
What is the units digit of 2495?
5
What is the thousands digit of 27281?
7
What is the ten thousands digit of 36291?
3
What is the hundreds digit of 679?
6
What is the units digit of 589?
9
What is the hundreds digit of 1116?
1
What is the hundreds digit of 24372?
3
What is the hundreds digit of 166546?
5
What is the hundreds digit of 46762?
7
What is the thousands digit of 3848?
3
What is the tens digit of 6626?
2
What is the thousands digit of 18937?
8
What is the ten thousands digit of 12434?
1
What is the thousands digit of 12217?
2
What is the units digit of 1?
1
What is the hundreds digit of 117860?
8
What is the thousands digit of 18862?
8
What is the tens digit of 153339?
3
What is the hundreds digit of 1082?
0
What is the tens digit of 19755?
5
What is the thousands digit of 15184?
5
What is the thousands digit of 121824?
1
What is the tens digit of 1274?
7
What is the hundreds digit of 3467?
4
What is the thousands digit of 3258?
3
What is the hundreds digit of 10727?
7
What is the ten thousands digit of 127264?
2
What is the tens digit of 3381?
8
What is the thousands digit of 25816?
5
What is the thousands digit of 2093?
2
What is the units digit of 5934?
4
What is the ten thousands digit of 46718?
4
What is the tens digit of 817?
1
What is the units digit of 651?
1
What is the hundreds digit of 56061?
0
What is the units digit of 1309?
9
What is the hundreds digit of 8537?
5
What is the units digit of 849?
9
What is the units digit of 157?
7
What is the ten thousands digit of 28941?
2
What is the tens digit of 2590?
9
What is the units digit of 1151?
1
What is the units digit of 6999?
9
What is the thousands digit of 4848?
4
What is the hundreds digit of 2263?
2
What is the ten thousands digit of 29029?
2
What is the hundreds digit of 2605?
6
What is the hundreds digit of 1319?
3
What is the tens digit of 8708?
0
What is the tens digit of 951?
5
What is the tens digit of 987?
8
What is the hundreds digit of 2132?
1
What is the ten thousands digit of 54907?
5
What is the thousands digit of 14323?
4
What is the thousands digit of 2539?
2
What is the thousands digit of 14252?
4
What is the thousands digit of 22080?
2
What is the hundreds digit of 2562?
5
What is the hundreds digit of 24959?
9
What is the ten thousands digit of 18298?
1
What is the hundreds digit of 5690?
6
What is the hundreds digit of 335?
3
What is the thousands digit of 22360?
2
What is the hundreds digit of 5909?
9
What is the units digit of 4062?
2
What is the tens digit of 28002?
0
What is the thousands digit of 6272?
6
What is the thousands digit of 19519?
9
What is the hundreds digit of 634?
6
What is the thousands digit of 3691?
3
What is the hundreds digit of 2407?
4
What is the thousands digit of 13143?
3
What is the hundreds digit of 70611?
6
What is the tens digit of 4634?
3
What is the tens digit of 26630?
3
What is the hundreds digit of 51912?
9
What is the ten thousands digit of 72445?
7
What is the hundreds digit of 1698?
6
What is the thousands digit of 12073?
2
What is the units digit of 705?
5
What is the units digit of 5926?
6
What is the units digit of 12443?
3
What is the hundreds digit of 64453?
4
What is the units digit of 2471?
1
What is the units digit of 2898?
8
What is the tens digit of 56050?
5
What is the thousands digit of 2367?
2
What is the hundreds digit of 14845?
8
What is the hundreds digit of 227?
2
What is the tens digit of 41825?
2
What is the tens digit of 32409?
0
What is the units digit of 17483?
3
What is the hundreds digit of 4517?
5
What is the units digit of 4663?
3
What is the thousands digit of 1323?
1
What is the hundreds digit of 5527?
5
What is the hundreds digit of 585?
5
What is the hundreds digit of 1343?
3
What is the hundreds digit of 7088?
0
What is the ten thousands digit of 61555?
6
What is the tens digit of 55270?
7
What is the tens digit of 26961?
6
What is the tens digit of 36497?
9
What is the hundreds digit of 340?
3
What is the tens digit of 23329?
2
What is the ten thousands digit of 11498?
1
What is the tens digit of 359?
5
What is the hundreds digit of 9684?
6
What is the thousands digit of 47562?
7
What is the units digit of 2061?
1
What is the tens digit of 825?
2
What is the thousands digit of 1288?
1
What is the hundreds digit of 22898?
8
What is the units digit of 7538?
8
What is the tens digit of 490?
9
What is the thousands digit of 3282?
3
What is the hundreds digit of 235?
2
What is the hundreds digit of 135081?
0
What is the thousands digit of 3114?
3
What is the thousands digit of 1147?
1
What is the thousands digit of 4